ime factors of 4945385.
5, 17, 73, 797
List the prime factors of 3153003.
3, 7, 89, 241
What are the prime factors of 339632?
2, 21227
What are the prime factors of 10337068?
2, 7, 369181
List the prime factors of 1824318.
2, 3, 43, 2357
What are the prime factors of 151596?
2, 3, 4211
List the prime factors of 4304538.
2, 3, 7, 127, 269
What are the prime factors of 168002?
2, 167, 503
List the prime factors of 872674.
2, 11, 39667
List the prime factors of 534482.
2, 13, 61, 337
What are the prime factors of 181758?
2, 3, 30293
What are the prime factors of 2372994?
2, 3, 13, 10141
List the prime factors of 39531274.
2, 313, 63149
List the prime factors of 313253.
19, 16487
What are the prime factors of 1104709?
37, 73, 409
List the prime factors of 525104.
2, 37, 887
What are the prime factors of 3533131?
7, 47, 10739
List the prime factors of 501724.
2, 43, 2917
List the prime factors of 1392156.
2, 3, 38671
List the prime factors of 713692.
2, 7, 71, 359
What are the prime factors of 1636050?
2, 3, 5, 13, 839
List the prime factors of 297284.
2, 13, 5717
What are the prime factors of 902533?
41, 22013
What are the prime factors of 121281?
3, 40427
What are the prime factors of 1614759?
3, 31, 97, 179
List the prime factors of 795616.
2, 23, 47
List the prime factors of 1836591.
3, 577, 1061
What are the prime factors of 565434?
2, 3, 37, 283
List the prime factors of 2832316.
2, 743, 953
List the prime factors of 15163142.
2, 769, 9859
List the prime factors of 55830.
2, 3, 5, 1861
What are the prime factors of 312314?
2, 156157
What are the prime factors of 19933961?
31, 643031
List the prime factors of 2811266.
2, 31, 45343
What are the prime factors of 1785622?
2, 269, 3319
List the prime factors of 768952.
2, 277, 347
What are the prime factors of 11420786?
2, 13, 19, 61, 379
List the prime factors of 98451.
3, 10939
List the prime factors of 306871.
306871
List the prime factors of 8520256.
2, 67, 1987
What are the prime factors of 481396?
2, 120349
List the prime factors of 13345902.
2, 3, 83, 8933
List the prime factors of 505743.
3, 7, 24083
What are the prime factors of 29637680?
2, 5, 370471
What are the prime factors of 3889044?
2, 3, 59, 1831
What are the prime factors of 13471300?
2, 5, 107, 1259
List the prime factors of 2682995.
5, 7, 47, 233
What are the prime factors of 21335006?
2, 7, 11, 31, 41, 109
List the prime factors of 3068908.
2, 17, 45131
List the prime factors of 614880.
2, 3, 5, 7, 61
What are the prime factors of 1360445?
5, 241, 1129
What are the prime factors of 5715426?
2, 3, 739, 1289
List the prime factors of 168177.
3, 61, 919
List the prime factors of 439534.
2, 219767
What are the prime factors of 212117?
212117
What are the prime factors of 2485126?
2, 7, 29, 6121
What are the prime factors of 1537777?
1193, 1289
What are the prime factors of 765761?
59, 12979
List the prime factors of 25653877.
25653877
What are the prime factors of 7915052?
2, 1978763
What are the prime factors of 41665667?
43, 139, 6971
What are the prime factors of 110563?
110563
List the prime factors of 882178.
2, 11, 40099
What are the prime factors of 47732?
2, 11933
List the prime factors of 2436575.
5, 97463
List the prime factors of 110823.
3, 17, 41, 53
List the prime factors of 7929887.
7, 47, 24103
List the prime factors of 151884.
2, 3, 4219
What are the prime factors of 3212643?
3, 7, 17, 8999
List the prime factors of 14117577.
3, 29, 263, 617
List the prime factors of 96866.
2, 7, 11, 17, 37
List the prime factors of 3279691.
17, 192923
List the prime factors of 221805.
3, 5, 31, 53
What are the prime factors of 1677910?
2, 5, 13, 12907
List the prime factors of 3170610.
2, 3, 5, 11743
List the prime factors of 292651.
311, 941
What are the prime factors of 236429?
236429
What are the prime factors of 397594?
2, 19, 10463
What are the prime factors of 742762?
2, 23, 67, 241
What are the prime factors of 6229346?
2, 3114673
What are the prime factors of 325330?
2, 5, 32533
List the prime factors of 4431751.
29, 152819
What are the prime factors of 6329976?
2, 3, 73, 3613
List the prime factors of 756702.
2, 3, 173
List the prime factors of 633816.
2, 3, 8803
What are the prime factors of 2040844?
2, 13, 3019
What are the prime factors of 541129?
541129
List the prime factors of 2554222.
2, 11, 116101
What are the prime factors of 144894?
2, 3, 19, 31, 41
List the prime factors of 403417.
7, 8233
What are the prime factors of 1015152?
2, 3, 21149
What are the prime factors of 19539659?
19539659
List the prime factors of 4048546.
2, 173, 11701
What are the prime factors of 6900585?
3, 5, 460039
What are the prime factors of 613438?
2, 7, 43, 1019
List the prime factors of 2020870.
2, 5, 202087
What are the prime factors of 10347846?
2, 3, 1724641
List the prime factors of 2534322.
2, 3, 7, 83, 727
List the prime factors of 2495240.
2, 5, 11, 53, 107
What are the prime factors of 13146186?
2, 3, 2191031
What are the prime factors of 827287?
23, 35969
List the prime factors of 521996.
2, 37, 3527
What are the prime factors of 6058577?
7, 865511
What are the prime factors of 2882754?
2, 3, 7, 137, 167
List the prime factors of 275317.
7, 37, 1063
List the prime factors of 3112349.
139, 22391
What are the prime factors of 1454944?
2, 19, 2393
What are the prime factors of 143792?
2, 11, 19, 43
What are the prime factors of 1037667?
3, 345889
What are the prime factors of 7133330?
2, 5, 359, 1987
List the prime factors of 1458682.
2, 277, 2633
List the prime factors of 7137137.
7, 73, 13967
What are the prime factors of 4218931?
19, 233, 953
What are the prime factors of 19621316?
2, 11, 13, 34303
List the prime factors of 20527.
13, 1579
List the prime factors of 299937.
3, 11, 61, 149
List the prime factors of 810999.
3, 7, 613
What are the prime factors of 6857931?
3, 2285977
List the prime factors of 10340250.
2, 3, 5, 17, 811
What are the prime factors of 224285?
5, 31, 1447
What are the prime factors of 5545884?
2, 3, 419, 1103
What are the prime factors of 2900778?
2, 3, 17, 28439
List the prime factors of 939550.
2, 5, 19, 23, 43
List the prime factors of 10073554.
2, 17, 89, 3329
What are the prime factors of 11208930?
2, 3, 5, 373631
What are the prime factors of 60846?
2, 3, 10141
What are the prime factors of 1972177?
1972177
List the prime factors of 1525870.
2, 5, 53, 2879
List the prime factors of 39475.
5, 1579
What are the prime factors of 8414800?
2, 5, 109, 193
What are the prime factors of 9414017?
9414017
List the prime factors of 19009452.
2, 3, 7, 11, 2939
List the prime factors of 5773169.
19, 41, 7411
List the prime factors of 2685530.
2, 5, 31, 8663
What are the prime factors of 1047633?
3, 349211
List the prime factors of 16559397.
3, 204437
What are the prime factors of 171161?
171161
List the prime factors of 318348.
2, 3, 37, 239
List the prime factors of 524926.
2, 17, 15439
List the prime factors of 4697010.
2, 3, 5, 52189
List the prime factors of 6901257.
3, 11, 163, 1283
What are the prime factors of 120769?
11, 10979
List the prime factors of 18863021.
29, 650449
List the prime factors of 201318.
2, 3, 13, 29, 89
List the prime factors of 45315.
3, 5, 19, 53
List the prime factors of 701430.
2, 3, 5, 103, 227
List the prime factors of 12740231.
7, 1820033
List the prime factors of 141149.
191, 739
What are the prime factors of 2080131?
3, 31, 22367
What are the prime factors of 11414586?
2, 3, 1902431
List the prime factors of 103981.
103981
List the prime factors of 12076126.
2, 157, 38459
What are the prime factors of 12835242?
2, 3, 7, 23, 43, 103
List the prime factors of 2790220.
2, 5, 139511
What are the prime factors of 110979?
3, 11, 19, 59
List the prime factors of 9742521.
3, 29, 113, 991
What are the prime factors of 411968?
2, 41, 157
List the prime factors of 15893363.
29, 41, 13367
What are the prime factors of 721934?
2, 83, 4349
What are the prime factors of 327474?
2, 3, 7, 23, 113
List the prime factors of 690717.
3, 230239
List the prime factors of 4015584.
2, 3, 73, 191
What are the prime factors of 1608136?
2, 179, 1123
List the prime factors of 3827026.
2, 7, 273359
List the prime factors of 249646.
2, 124823
List the prime factors of 15657035.
5, 1021, 3067
Lis